{"id":138,"date":"2023-03-07T21:14:30","date_gmt":"2023-03-07T21:14:30","guid":{"rendered":"https:\/\/www.homeopathiepascaldumas.com\/?page_id=138"},"modified":"2023-03-07T21:15:42","modified_gmt":"2023-03-07T21:15:42","slug":"une-gestion-de-trac-reussie-une-victoire-de-concert","status":"publish","type":"page","link":"https:\/\/homeopathiepascaldumas.com\/accueil-nouveau\/une-gestion-de-trac-reussie-une-victoire-de-concert\/","title":{"rendered":"Une gestion de trac r\u00e9ussie..Une victoire de concert"},"content":{"rendered":"\t\t<div data-elementor-type=\"wp-page\" data-elementor-id=\"138\" class=\"elementor elementor-138\" data-elementor-post-type=\"page\">\n\t\t\t\t\t\t<section class=\"elementor-section elementor-top-section elementor-element elementor-element-17e30fd elementor-section-boxed elementor-section-height-default elementor-section-height-default\" data-id=\"17e30fd\" data-element_type=\"section\" data-e-type=\"section\">\n\t\t\t\t\t\t<div class=\"elementor-container elementor-column-gap-default\">\n\t\t\t\t\t<div class=\"elementor-column elementor-col-100 elementor-top-column elementor-element elementor-element-2e544db\" data-id=\"2e544db\" data-element_type=\"column\" data-e-type=\"column\">\n\t\t\t<div class=\"elementor-widget-wrap elementor-element-populated\">\n\t\t\t\t\t\t<div class=\"elementor-element elementor-element-e14688f elementor-widget elementor-widget-text-editor\" data-id=\"e14688f\" data-element_type=\"widget\" data-e-type=\"widget\" data-widget_type=\"text-editor.default\">\n\t\t\t\t<div class=\"elementor-widget-container\">\n\t\t\t\t\t\t\t\t\t<p style=\"text-align: center;\"><img fetchpriority=\"high\" decoding=\"async\" class=\"size-medium wp-image-1249 aligncenter\" src=\"http:\/\/www.homeopathiepascaldumas.com\/wp-content\/uploads\/2019\/04\/Trac_chanteur-300x169.jpg\" alt=\"\" width=\"300\" height=\"169\" \/><\/p>\n&nbsp;\n\nUne chanteuse lyrique, vient me voir au cabinet au mois d&#8217;ao\u00fbt 2018.\n\n&nbsp;\n\nElle me dit qu&#8217;elle est souvent victime de trac, de paralysie \u00e9motionnelle soit juste avant d&#8217;entrer sur sc\u00e8ne, soit pendant la repr\u00e9sentation.\n\n&nbsp;\n\nJeune, elle n&#8217;avait pas le trac.\n\n&nbsp;\n\nLes enjeux des diff\u00e9rents concerts, grossissant ont permis \u00e0 cet \u00e9l\u00e9ment insidieux d&#8217;appara\u00eetre.\n\nElle me dit qu&#8217;elle a la sensation qu&#8217;elle ressent que son corps \u00e9nerg\u00e9tique est \u00e0 c\u00f4t\u00e9 de son corps physique.\n\nQue\u00a0sa voix, son souffle sont dehors \u00e0 c\u00f4t\u00e9 d&#8217;elle et qu&#8217;elle doit tout ramener \u00e0 l&#8217;int\u00e9rieur.\n\nElle a en outre une sensation\u00a0d&#8217;expansion,\u00a0 de dilatation, comme si elle remplissait tout l&#8217;espace.\n\n(Je connais bien cette sensation, j&#8217;avais la m\u00eame \u00e9tant enfant, alors pas de souci quant \u00e0 cette compr\u00e9hension pour moi)\n\n&nbsp;\n\nCes \u00e9l\u00e9ments me donn\u00e8rent suffisamment de valeurs en tant que signes caract\u00e9ristiques hom\u00e9opathiques, qu&#8217;un rem\u00e8de lui est donn\u00e9.\n\n&nbsp;\n\nDe tr\u00e8s grands progr\u00e8s apparurent.\n\nPuis vint un tr\u00e8s important concert en Espagne au mois de janvier 2019,\u00a0 qu&#8217;elle pr\u00e9parait depuis une ann\u00e9e enti\u00e8re.\n\nAvec de tr\u00e8s grands enjeux en termes de retomb\u00e9es financi\u00e8res, d&#8217;avancement de carri\u00e8re. Bref un \u00e9l\u00e9ment de stress et de trac maximal !\n\n&nbsp;\n\nVoici ce qu&#8217;elle m&#8217;\u00e9crivit apr\u00e8s le concert : &#8220;Grand succ\u00e8s de mon concert \u00e0 Madrid ! Merci pour votre aide. \u00c0\u00a0bient\u00f4t.&#8221;\n\n&nbsp;\n\nEn r\u00e9alit\u00e9, je lui ai donn\u00e9 deux m\u00e9dicaments.\n\n&nbsp;\n\nLe premier qui vous ai pr\u00e9sent\u00e9 ici, qui faisait office de m\u00e9dicament chronique, puis un autre \u00e0 proximit\u00e9 de l\u2019\u00e9v\u00e9nement, pour des petits signes mineurs apparus.\n\n&nbsp;\n\nIl faut en hom\u00e9opathie uniciste, art hom\u00e9opathie m\u00e9dical o\u00f9 l&#8217;on ne donne qu&#8217;un seul m\u00e9dicament \u00e0 la fois, le plus adapt\u00e9 au patient, \u00eatre souple et s&#8217;avoir s&#8217;adapter \u00e0 toutes les modifications pouvant survenir chez une personne.\n\nIl est souvent vu qu&#8217;une personne ai besoin de plusieurs m\u00e9dicaments, mais toujours en suites, comme en math\u00e9matique, Rem\u00e8de 1 &#8211;&gt;\u00a0 rem\u00e8de 2\u00a0 &#8211;&gt; rem\u00e8de 3, tout ceci dans une coh\u00e9rence d&#8217;\u00e9volution.\n\n&nbsp;\n\nCela signifie qu&#8217;il y a toujours un lien d&#8217;\u00e9volution entre le rem\u00e8de 1 et le 2 par exemple.\n\n&nbsp;\n\nEn tout cas, ce fut un tr\u00e8s beau succ\u00e8s !\n\n&nbsp;\n\nVoici ce qu&#8217;elle t\u00e9moigne :\n\n&nbsp;\n<table border=\"0\" width=\"100%\" cellspacing=\"0\" cellpadding=\"0\" bgcolor=\"#f0f0f0\">\n<tbody>\n<tr>\n<td align=\"center\" valign=\"top\" bgcolor=\"#f0f0f0\">\n<table class=\"container\" border=\"0\" width=\"600\" cellspacing=\"0\" cellpadding=\"0\">\n<tbody>\n<tr>\n<td class=\"container-padding content\" align=\"left\">\n<div class=\"body-text\">\n\nJe suis chanteuse lyrique.Je souffrais depuis des ann\u00e9es de trac avant d&#8217;entr\u00e9e en sc\u00e8ne avec des troubles digestifs qui diminuaient mes facult\u00e9s de concentration et mes performances physiques.J&#8217;ai essay\u00e9 plusieurs th\u00e9rapies . J&#8217;ai consult\u00e9 Monsieur Dumas en vue d&#8217;un concert tr\u00e8s important . Il m&#8217;a prescrit un rem\u00e8de hom\u00e9opathique et j&#8217;ai enfin pu retrouver tout mon potentiel et ma concentration sur sc\u00e8ne sans aucun trac.\n\n<\/div><\/td>\n<\/tr>\n<\/tbody>\n<\/table>\n<\/td>\n<\/tr>\n<\/tbody>\n<\/table>\n&nbsp;\n\nVous aussi vous pouvez avoir des cl\u00e9s vous permettant de g\u00e9rer et\/ou de faire dispara\u00eetre votre appr\u00e9hension, trac, angoisse avant un \u00e9v\u00e9nement important pour vous.\n\n&nbsp;\n\nJ&#8217;ai dans ce but \u00e9crit un PDF : &#8220;R\u00e9ussissez vos Examens avec une m\u00e9moire au top sans trac&#8221;.\u00a0 D\u00e9couvrez-le en cliquant sur l&#8217;image ci-dessous.\n\n<a href=\"http:\/\/www.homeopathiepascaldumas.com\/ebook-examen-memoire-top-stress\/\" target=\"_blank\" rel=\"noopener\"><img decoding=\"async\" class=\"size-medium wp-image-761 aligncenter\" src=\"http:\/\/www.homeopathiepascaldumas.com\/wp-content\/uploads\/2017\/05\/CoverMemoire-259x300.png\" alt=\"\" width=\"259\" height=\"300\" \/><\/a>\n\nVous pouvez aussi profitez d&#8217;une consultation en ligne personnalis\u00e9e en hom\u00e9opathie uniciste avec Pascal DUMAS en cliquant sur le lien ci-dessous :\n\n&nbsp;\n<p style=\"text-align: center;\"><a href=\"http:\/\/www.homeopathiepascaldumas.com\/consultations-videos\/\" target=\"_blank\" rel=\"noopener\">Je d\u00e9sire ma consultation personnalis\u00e9e<\/a><\/p>\n&nbsp;\n\n&nbsp;\n<p style=\"text-align: right;\">\u00a0\u00c0\u00a0bient\u00f4t<\/p>\n<p style=\"text-align: right;\">Pascal DUMAS<\/p>\n&nbsp;\n\n&nbsp;\n\n&nbsp;\t\t\t\t\t\t\t\t<\/div>\n\t\t\t\t<\/div>\n\t\t\t\t\t<\/div>\n\t\t<\/div>\n\t\t\t\t\t<\/div>\n\t\t<\/section>\n\t\t\t\t<\/div>\n\t\t","protected":false},"excerpt":{"rendered":"<p>&nbsp; Une chanteuse lyrique, vient me voir au cabinet au mois d&#8217;ao\u00fbt 2018. &nbsp; Elle me dit qu&#8217;elle est souvent victime de trac, de paralysie \u00e9motionnelle soit juste avant d&#8217;entrer sur sc\u00e8ne, soit pendant&#46;&#46;&#46;<\/p>\n","protected":false},"author":1,"featured_media":0,"parent":0,"menu_order":0,"comment_status":"closed","ping_status":"closed","template":"","meta":{"footnotes":""},"class_list":["post-138","page","type-page","status-publish","hentry"],"jetpack_sharing_enabled":true,"_links":{"self":[{"href":"https:\/\/homeopathiepascaldumas.com\/accueil-nouveau\/wp-json\/wp\/v2\/pages\/138","targetHints":{"allow":["GET"]}}],"collection":[{"href":"https:\/\/homeopathiepascaldumas.com\/accueil-nouveau\/wp-json\/wp\/v2\/pages"}],"about":[{"href":"https:\/\/homeopathiepascaldumas.com\/accueil-nouveau\/wp-json\/wp\/v2\/types\/page"}],"author":[{"embeddable":true,"href":"https:\/\/homeopathiepascaldumas.com\/accueil-nouveau\/wp-json\/wp\/v2\/users\/1"}],"replies":[{"embeddable":true,"href":"https:\/\/homeopathiepascaldumas.com\/accueil-nouveau\/wp-json\/wp\/v2\/comments?post=138"}],"version-history":[{"count":4,"href":"https:\/\/homeopathiepascaldumas.com\/accueil-nouveau\/wp-json\/wp\/v2\/pages\/138\/revisions"}],"predecessor-version":[{"id":142,"href":"https:\/\/homeopathiepascaldumas.com\/accueil-nouveau\/wp-json\/wp\/v2\/pages\/138\/revisions\/142"}],"wp:attachment":[{"href":"https:\/\/homeopathiepascaldumas.com\/accueil-nouveau\/wp-json\/wp\/v2\/media?parent=138"}],"curies":[{"name":"wp","href":"https:\/\/api.w.org\/{rel}","templated":true}]}}